when 30 is divided by 4.
2
What is the remainder when 1506 is divided by 116?
114
Calculate the remainder when 20830 is divided by 186.
184
Calculate the remainder when 55 is divided by 19.
17
What is the remainder when 86 is divided by 17?
1
What is the remainder when 1421 is divided by 79?
78
What is the remainder when 737 is divided by 187?
176
What is the remainder when 1306 is divided by 119?
116
Calculate the remainder when 76 is divided by 29.
18
What is the remainder when 119 is divided by 11?
9
What is the remainder when 238 is divided by 19?
10
What is the remainder when 195 is divided by 40?
35
What is the remainder when 2 is divided by 2?
0
Calculate the remainder when 98 is divided by 19.
3
What is the remainder when 650 is divided by 109?
105
Calculate the remainder when 24231 is divided by 8.
7
What is the remainder when 2433 is divided by 28?
25
Calculate the remainder when 9 is divided by 3.
0
What is the remainder when 67 is divided by 9?
4
What is the remainder when 718 is divided by 121?
113
Calculate the remainder when 55 is divided by 23.
9
Calculate the remainder when 324 is divided by 155.
14
What is the remainder when 189 is divided by 19?
18
What is the remainder when 212 is divided by 24?
20
Calculate the remainder when 189 is divided by 27.
0
What is the remainder when 80 is divided by 22?
14
What is the remainder when 335 is divided by 114?
107
Calculate the remainder when 63 is divided by 31.
1
What is the remainder when 1555 is divided by 330?
235
Calculate the remainder when 9642 is divided by 17.
3
Calculate the remainder when 949 is divided by 246.
211
Calculate the remainder when 488 is divided by 49.
47
What is the remainder when 531 is divided by 67?
62
Calculate the remainder when 14387 is divided by 3596.
3
What is the remainder when 6173 is divided by 193?
190
Calculate the remainder when 533 is divided by 89.
88
What is the remainder when 327 is divided by 50?
27
What is the remainder when 4737 is divided by 60?
57
What is the remainder when 114 is divided by 28?
2
Calculate the remainder when 98 is divided by 35.
28
What is the remainder when 415 is divided by 32?
31
Calculate the remainder when 14 is divided by 3.
2
Calculate the remainder when 2161 is divided by 215.
11
Calculate the remainder when 423 is divided by 61.
57
What is the remainder when 287 is divided by 16?
15
Calculate the remainder when 193 is divided by 41.
29
Calculate the remainder when 935 is divided by 237.
224
Calculate the remainder when 793 is divided by 45.
28
Calculate the remainder when 3209 is divided by 27.
23
What is the remainder when 1733 is divided by 124?
121
Calculate the remainder when 35562 is divided by 34.
32
What is the remainder when 241 is divided by 6?
1
What is the remainder when 29552 is divided by 257?
254
What is the remainder when 206 is divided by 23?
22
What is the remainder when 757 is divided by 154?
141
What is the remainder when 36 is divided by 8?
4
Calculate the remainder when 672 is divided by 73.
15
Calculate the remainder when 351 is divided by 84.
15
Calculate the remainder when 427 is divided by 144.
139
Calculate the remainder when 1604 is divided by 147.
134
What is the remainder when 1220 is divided by 24?
20
Calculate the remainder when 3111 is divided by 11.
9
What is the remainder when 160 is divided by 40?
0
What is the remainder when 365 is divided by 53?
47
What is the remainder when 3264 is divided by 364?
352
What is the remainder when 633 is divided by 92?
81
Calculate the remainder when 450 is divided by 136.
42
What is the remainder when 1122 is divided by 558?
6
Calculate the remainder when 328 is divided by 14.
6
Calculate the remainder when 10 is divided by 7.
3
What is the remainder when 583 is divided by 288?
7
Calculate the remainder when 97 is divided by 21.
13
What is the remainder when 261 is divided by 33?
30
What is the remainder when 47 is divided by 20?
7
Calculate the remainder when 5608 is divided by 33.
31
What is the remainder when 1036 is divided by 79?
9
Calculate the remainder when 903 is divided by 18.
3
Calculate the remainder when 2911 is divided by 224.
223
What is the remainder when 441 is divided by 17?
16
What is the remainder when 136 is divided by 95?
41
What is the remainder when 74 is divided by 43?
31
What is the remainder when 329 is divided by 52?
17
What is the remainder when 339 is divided by 212?
127
What is the remainder when 80 is divided by 21?
17
What is the remainder when 3381 is divided by 1123?
12
Calculate the remainder when 306 is divided by 7.
5
Calculate the remainder when 139 is divided by 108.
31
What is the remainder when 174 is divided by 4?
2
What is the remainder when 1615 is divided by 46?
5
What is the remainder when 464 is divided by 40?
24
What is the remainder when 3607 is divided by 86?
81
Calculate the remainder when 16638 is divided by 80.
78
Calculate the remainder when 3653 is divided by 64.
5
What is the remainder when 91 is divided by 26?
13
Calculate the remainder when 4965 is divided by 207.
204
What is the remainder when 9431 is divided by 72?
71
Calculate the remainder when 240 is divided by 99.
42
Calculate the remainder when 2091 is divided by 21.
12
What is the remainder when 65 is divided by 61?
4
What is the remainder when 205 is divided by 18?
7
What is the remainder when 22041 is divided by 107?
106
Calculate the remainder when 11318 is divided by 28.
6
What is the remainder when 18403 is divided by 107?
106
Calculate the remainder when 9390 is divided by 122.
118
Calculate the remainder when 267 is divided by 60.
27
Calculate the remainder when 299 is divided by 30.
29
Calculate the remainder when 3910 is divided by 778.
20
Calculate the remainder when 381 is divided by 16.
13
Calculate the remainder when 143 is divided by 72.
71
Calculate the remainder when 420 is divided by 89.
64
Calculate the remainder when 177 is divided by 12.
9
What is the remainder when 172 is divided by 45?
37
Calculate the remainder when 256 is divided by 121.
14
Calculate the remainder when 443 is divided by 226.
217
Calculate the remainder when 8547 is divided by 95.
92
Calculate the remainder when 157 is divided by 36.
13
Calculate the remainder when 530 is divided by 41.
38
Calculate the remainder when 413 is divided by 60.
53
Calculate the remainder when 778 is divided by 52.
50
Calculate the remainder when 93 is divided by 12.
9
Calculate the remainder when 65 is divided by 32.
1
What is the remainder when 158 is divided by 8?
6
What is the remainder when 71 is divided by 2?
1
Calculate the remainder when 534 is divided by 22.
6
Calculate the remainder when 245 is divided by 82.
81
What is the remainder when 82 is divided by 8?
2
Calculate the remainder when 402 is divided by 15.
12
Calculate the remainder when 735 is divided by 30.
15
What is the remainder when 377 is divided by 29?
0
What is the remainder when 191 is divided by 64?
63
Calculate the remainder when 229 is divided by 70.
19
What is the remainder when 350 is divided by 60?
50
What is the remainder when 640 is divided by 250?
140
What is the remainder when 916 is divided by 277?
85
Calculate the remainder when 151 is divided by 149.
2
What is the remainder when 95 is divided by 6?
5
What is the remainder when 853 is divided by 14?
13
Calculate the remainder when 278 is divided by 185.
93
What is the remainder when 1932 is divided by 22?
18
Calculate the remainder when 166 is divided by 28.
26
What is the remainder when 140 is divided by 48?
44
What is the remainder when 3246 is divided by 17?
16
What is the remainder when 374 is divided by 93?
2
What is the remainder when 91 is divided by 32?
27
What is the remainder when 149 is divided by 75?
74
Calculate the remainder when 241 is divided by 35.
31
Calculate the remainder when 1123 is divided by 141.
136
What is the remainder when 359 is divided by 217?
142
Calculate the remainder when 103 is divided by 60.
43
Calculate the remainder when 2526 is divided by 43.
32
Calculate the remainder when 53 is divided by 11.
9
Calculate the remainder when 61 is divided by 48.
13
Calculate the remainder when 388 is divided by 30.
28
Calculate the remainder when 353 is divided by 349.
4
Calculate the remainder w